{"id":356,"date":"2016-04-23T17:03:17","date_gmt":"2016-04-23T17:03:17","guid":{"rendered":"http:\/\/www.indicom.cat\/?page_id=356&#038;lang=es"},"modified":"2016-04-23T17:03:17","modified_gmt":"2016-04-23T17:03:17","slug":"historia","status":"publish","type":"page","link":"http:\/\/www.indicom.cat\/es\/historia\/","title":{"rendered":"Historia"},"content":{"rendered":"<p><!--:es--><strong>HISTORIA<\/strong><\/p>\n<p>INDICOM COMERCIAL, S.A. fue fundada el a\u00f1o 1975 por Ramon Vall Ayll\u00f3n y Joaquin Garriga Puig, para dedicarse inicialmente a la comercialitzaci\u00f3n de rodamientos para el sector industrial.<\/p>\n<p>Los inicios no fueron nada f\u00e1ciles, ya que alos pocos recursos del momento y con una crisis en el sector t\u00e9xtil, principal motor de la economia de la comarca, se a\u00f1adia un mercado bastante controlado por la competencia.<\/p>\n<p>El buen servicio al cliente, la calidad del producto y el buen precio, fueron determinantes para introducirse en un mercado muy competitivo.<\/p>\n<p>La actividad comercial se inici\u00f3 en un peque\u00f1o local de unos 80 m2 en la cuidad de Manresa, lugar en el que actualmente la empresa desarrolla su actividad. Posteriormente se fue ampliando con la adquisici\u00f3n de nuevos locales colindantes, hasta llegar a los m\u00e1s de 1000 m2 de los que dispone hoy en dia, y en el que se encuentra ubicada toda la infrastructura de la misma (atenci\u00f3n al cliente, oficinas y almac\u00e9n). Tambi\u00e9n se adquiri\u00f3 un solar destinado a aparcamiento de veh\u00edculos de nuestros clientes.<\/p>\n<p>En la actualidad INDICOM COMERCIAL es un referente importante en el sector industrial de la zona del Bages y comarcas cercanas, estando en constante evoluci\u00f3n para mantenerse lider en el mercado.<\/p>\n<p><a href=\"http:\/\/www.indicom.cat\/wp-content\/uploads\/2014\/08\/fotvaris7g.gif\"><img decoding=\"async\" loading=\"lazy\" class=\"alignnone size-full wp-image-279\" src=\"http:\/\/www.indicom.cat\/wp-content\/uploads\/2014\/08\/fotvaris7g.gif\" alt=\"fotvaris7g\" width=\"230\" height=\"193\" \/><\/a> <a href=\"http:\/\/www.indicom.cat\/wp-content\/uploads\/2014\/08\/fotvaris3g.gif\"><img decoding=\"async\" loading=\"lazy\" class=\"alignnone size-full wp-image-274\" src=\"http:\/\/www.indicom.cat\/wp-content\/uploads\/2014\/08\/fotvaris3g.gif\" alt=\"fotvaris3g\" width=\"230\" height=\"190\" \/><\/a> <a href=\"http:\/\/www.indicom.cat\/wp-content\/uploads\/2014\/08\/foteines3g.gif\"><img decoding=\"async\" loading=\"lazy\" class=\"alignnone size-full wp-image-268\" src=\"http:\/\/www.indicom.cat\/wp-content\/uploads\/2014\/08\/foteines3g.gif\" alt=\"foteines3g\" width=\"230\" height=\"193\" \/><\/a> <a href=\"http:\/\/www.indicom.cat\/wp-content\/uploads\/2014\/08\/fotpotencia4g.gif\"><img decoding=\"async\" loading=\"lazy\" class=\"alignnone size-full wp-image-260\" src=\"http:\/\/www.indicom.cat\/wp-content\/uploads\/2014\/08\/fotpotencia4g.gif\" alt=\"fotpotencia4g\" width=\"230\" height=\"190\" \/><\/a><!--:--><!--:ca--><\/p>\n<p><!--:--><\/p>\n","protected":false},"excerpt":{"rendered":"<p>HISTORIA INDICOM COMERCIAL, S.A. fue fundada el a\u00f1o 1975 por Ramon Vall Ayll\u00f3n y Joaquin Garriga Puig, para dedicarse inicialmente a la comercialitzaci\u00f3n de rodamientos para el sector industrial. Los inicios no fueron nada f\u00e1ciles, ya que alos pocos recursos del momento y con una crisis en el sector t\u00e9xtil, principal motor de la economia<\/p>\n<p><a href=\"http:\/\/www.indicom.cat\/es\/historia\/\" class=\"more\">Continue reading &rarr;<\/a><\/p>\n","protected":false},"author":1,"featured_media":0,"parent":0,"menu_order":0,"comment_status":"closed","ping_status":"open","template":"","meta":[],"_links":{"self":[{"href":"http:\/\/www.indicom.cat\/es\/wp-json\/wp\/v2\/pages\/356"}],"collection":[{"href":"http:\/\/www.indicom.cat\/es\/wp-json\/wp\/v2\/pages"}],"about":[{"href":"http:\/\/www.indicom.cat\/es\/wp-json\/wp\/v2\/types\/page"}],"author":[{"embeddable":true,"href":"http:\/\/www.indicom.cat\/es\/wp-json\/wp\/v2\/users\/1"}],"replies":[{"embeddable":true,"href":"http:\/\/www.indicom.cat\/es\/wp-json\/wp\/v2\/comments?post=356"}],"version-history":[{"count":1,"href":"http:\/\/www.indicom.cat\/es\/wp-json\/wp\/v2\/pages\/356\/revisions"}],"predecessor-version":[{"id":357,"href":"http:\/\/www.indicom.cat\/es\/wp-json\/wp\/v2\/pages\/356\/revisions\/357"}],"wp:attachment":[{"href":"http:\/\/www.indicom.cat\/es\/wp-json\/wp\/v2\/media?parent=356"}],"curies":[{"name":"wp","href":"https:\/\/api.w.org\/{rel}","templated":true}]}}

<p><!--:es--><strong>HISTORIA</strong></p>
<p>INDICOM COMERCIAL, S.A. fue fundada el año 1975 por Ramon Vall Ayllón y Joaquin Garriga Puig, para dedicarse inicialmente a la comercialitzación de rodamientos para el sector industrial.</p>
<p>Los inicios no fueron nada fáciles, ya que alos pocos recursos del momento y con una crisis en el sector téxtil, principal motor de la economia de la comarca, se añadia un mercado bastante controlado por la competencia.</p>
<p>El buen servicio al cliente, la calidad del producto y el buen precio, fueron determinantes para introducirse en un mercado muy competitivo.</p>
<p>La actividad comercial se inició en un pequeño local de unos 80 m2 en la cuidad de Manresa, lugar en el que actualmente la empresa desarrolla su actividad. Posteriormente se fue ampliando con la adquisición de nuevos locales colindantes, hasta llegar a los más de 1000 m2 de los que dispone hoy en dia, y en el que se encuentra ubicada toda la infrastructura de la misma (atención al cliente, oficinas y almacén). También se adquirió un solar destinado a aparcamiento de vehículos de nuestros clientes.</p>
<p>En la actualidad INDICOM COMERCIAL es un referente importante en el sector industrial de la zona del Bages y comarcas cercanas, estando en constante evolución para mantenerse lider en el mercado.</p>
<p><a href="http://www.indicom.cat/wp-content/uploads/2014/08/fotvaris7g.gif"><img decoding="async" loading="lazy" class="alignnone size-full wp-image-279" src="http://www.indicom.cat/wp-content/uploads/2014/08/fotvaris7g.gif" alt="fotvaris7g" width="230" height="193" /></a> <a href="http://www.indicom.cat/wp-content/uploads/2014/08/fotvaris3g.gif"><img decoding="async" loading="lazy" class="alignnone size-full wp-image-274" src="http://www.indicom.cat/wp-content/uploads/2014/08/fotvaris3g.gif" alt="fotvaris3g" width="230" height="190" /></a> <a href="http://www.indicom.cat/wp-content/uploads/2014/08/foteines3g.gif"><img decoding="async" loading="lazy" class="alignnone size-full wp-image-268" src="http://www.indicom.cat/wp-content/uploads/2014/08/foteines3g.gif" alt="foteines3g" width="230" height="193" /></a> <a href="http://www.indicom.cat/wp-content/uploads/2014/08/fotpotencia4g.gif"><img decoding="async" loading="lazy" class="alignnone size-full wp-image-260" src="http://www.indicom.cat/wp-content/uploads/2014/08/fotpotencia4g.gif" alt="fotpotencia4g" width="230" height="190" /></a><!--:--><!--:ca--></p>
<p><!--:--></p>

<p>HISTORIA INDICOM COMERCIAL, S.A. fue fundada el año 1975 por Ramon Vall Ayllón y Joaquin Garriga Puig, para dedicarse inicialmente a la comercialitzación de rodamientos para el sector industrial. Los inicios no fueron nada fáciles, ya que alos pocos recursos del momento y con una crisis en el sector téxtil, principal motor de la economia</p>
<p><a href="http://www.indicom.cat/es/historia/" class="more">Continue reading &rarr;</a></p>
